
-6
Let m(c) = 10*c - 3. Suppose -2*v - 1 = -7*v - 3*k, 5*k = -5*v - 5. Determine m(v).
17
Let y(u) be the second derivative of -u**5/10 + u**4/4 - u**3/6 + u**2 - 3*u. Calculate y(2).
-4
Let u be (-3 + (-17 - 0))/(-1). Suppose 0 = -5*g + u, 0 = -3*n - n + 5*g - 36. Let b(l) = l + 1. Determine b(n).
-3
Let p(m) = 6 + 7*m**2 + 4*m**2 + 7*m - m**2 - 11*m**2. Give p(5).
16
Let h(o) be the third derivative of o**6/360 - o**5/30 + 7*o**4/24 + o**3/6 + 8*o**2. Let w(j) be the first derivative of h(j). Determine w(5).
12
Let b be (-2)/(-6) - 42/18. Let k = b - -5. Suppose -3*o + k = -3*a - 0, 4*a - 5*o = -6. Let v(s) = -8*s**2 + 1. Give v(a).
-7
Let o be (-2 - 0)/(4/(-6)). Let b(w) be the second derivative of w**5/20 - w**4/4 - w**3/6 - 4*w. Give b(o).
-3
Let b(l) = -12*l + 9. Let j(s) = s - 1. Let q(z) = -2*b(z) - 22*j(z). Determine q(-5).
-6
Let w(j) be the first derivative of j**4/6 - j**3/3 - j**2 - 5. Let y(l) be the second derivative of w(l). Calculate y(3).
10
Let m(l) = -2*l**2 - 8*l - 3. Let x = 17 - 22. Determine m(x).
-13
Suppose 0 = -p + q - 2, 22 - 10 = 3*p + 3*q. Let g(j) = 5*j**2. Give g(p).
5
Let v(g) = -4*g**3 - 2*g**2 + g. Suppose 4 = -3*c - 2. Let f be (-1 + 4/c)*-1. Suppose f = 5*h - 2. Calculate v(h).
-5
Let l(p) = -1. Let h(o) = -8*o**2 + o + 4. Let c(u) = -h(u) - 4*l(u). Give c(1).
7
Let z(r) = -16 + 6 + 7 - 5*r. Suppose -5*f = -8*f - 6. Determine z(f).
7
Let y(o) = -o. Let f be y(-2). Suppose f*h - 5*h + 15 = 0. Let n(j) = -j - j - 4 + h*j - 2*j. Determine n(3).
-1
Let y(o) be the third derivative of o**4/24 - o**3/2 + o**2. Suppose 18 = 5*d + s - 2, 2*s = -3*d + 5. What is y(d)?
2
Let c(q) = q**3 + 3*q**2 + 4*q + 2. Let l(x) = -2*x + 14. Let y be l(8). What is c(y)?
-2
Let t(m) = 11*m - 1. Let j = -25 - -26. Calculate t(j).
10
Let l(m) = 2*m**2 - 7*m + 4. Suppose -18 = 2*k - 6*k - s, -4*k + 2*s = -12. Determine l(k).
8
Let l(h) = -2 + 0*h - 9*h - 3*h - 4*h**2 + 11*h. Determine l(-2).
-16
Let m be 3*5/3 + 3. Let p(f) = 2*f**2 + 4*f + 2. Let r(u) = -5*u**2 - 12*u - 7. Let a(t) = m*p(t) + 3*r(t). Let y(k) = -k - 1. Let x be y(-6). Give a(x).
0
Let a = 4 + -8. Let r(q) = q**2 + 3*q - 3. Let i be r(a). Let z(t) = -t**3 - 3*t + 3*t + 3*t**2 - i + t. Calculate z(2).
5
Suppose -3*x = -8*x + 5. Let m(h) be the first derivative of h**4/4 - h**2 + h - 1. Calculate m(x).
0
Let o(r) = 3*r - 3*r + 2*r. Suppose -5 = -3*m + 4. Suppose 4*s - 2 = -0*d - 5*d, -d + 7 = m*s. Calculate o(d).
-4
Suppose -w + 2*w - 15 = 0. Suppose -4*k = -k - w. Let r(d) = 5*d**2 + 9*d + 13. Let n(u) = 6*u**2 + 10*u + 14. Let y(l) = 6*n(l) - 7*r(l). What is y(k)?
3
Let c(k) = -k + 1. Suppose -5*d = -d - 12. Suppose 2*r - d = -r. Give c(r).
0
Let l(v) be the third derivative of v**6/120 - v**5/12 + v**4/12 + v**3/6 + 14*v**2. Determine l(4).
-7
Suppose 2*n - 5*n - 9 = 0. Let u(z) = 0*z + 0*z - 4*z - 6 + 3*z. Determine u(n).
-3
Let i(x) = -x + x**2 + 0 + 2*x - 3*x - 3. Let a(h) = 2*h**2 - 2*h - 3. Let c(b) = 2*a(b) - 3*i(b). Give c(-2).
3
Let w(y) = 6*y + 7. Let q(n) = -3*n - 4. Let s(u) = -5*q(u) - 3*w(u). Determine s(-1).
2
Let v(a) = -a + 1. Suppose 5*b + 3 + 17 = q, -b = 1. Suppose -l - q = -4*y, 5*l = y + y - 3. Give v(y).
-3
Let c(p) = -2*p + 4*p + 4 - p. Let m be c(4). Let j(d) = -6*d + m*d + 2 - 3*d. Calculate j(-3).
5
Suppose 3*d + 3*c = 6, d = -3*c - 0*c. Let j(w) = -2 - 3*w + 3*w**3 - 2*w**3 + 0*w**d. Suppose 3*p - 2*p = 3*g + 7, 3*g + 2*p = -4. Calculate j(g).
-4
Let b(n) = -n - 3. Let z(d) = -d - 1. Let r(g) = b(g) - 4*z(g). Determine r(3).
10
Let o(t) = -t + 4. Let p(d) = 1. Let y(a) = -o(a) + 5*p(a). Let g(l) = l**3 + 2*l**2 - l - 1. Let u be ((-9)/6)/(-3)*-2. Let c be g(u). What is y(c)?
2
Let h(u) = -4*u + 3*u - 4*u**2 - u**2. Let f(y) = y + 8. Let j be f(-7). Calculate h(j).
-6
Let t = 2 - 2. Let w(k) = k**3 - k + 5. Give w(t).
5
Let a be (4/4 + -4)*-1. Let n(w) = 3*w + 6 - 4 - a - 2*w. Determine n(1).
0
Let y = -14 + 19. Let q(m) = -m**2 + 2*m + 6. Give q(y).
-9
Let m = -38 + 34. Let n(k) = k**2 + 2*k. Calculate n(m).
8
Let f(m) = -8 + 6 + 7 - 2*m. Give f(4).
-3
Let z(f) be the first derivative of -1/40*f**5 - 1/120*f**6 + 0*f**4 + 0*f + 2 + 0*f**2 + 1/3*f**3. Let n(a) be the third derivative of z(a). What is n(-2)?
-6
Let s(n) = -n**3 + 4*n**2 + 2*n - 6. Let f(o) = 3*o - 2. Suppose -4 = -3*c + c. Let d be f(c). Determine s(d).
2
Let h(q) = 0*q + 2 + 10 + q. Let z be (-6 + 3 + 4)*9. Suppose 2*o + 1 = -z. Determine h(o).
7
Let u be (-46)/(-8) + 2/8. Let v(r) = -7 + 0*r**2 + 0*r - 5*r**2 + r**3 - 5*r. Let k be v(u). Let h(z) = 9*z**3 + 1. Determine h(k).
-8
Let h(b) = b**2 - 5. Let f = -35 + 39. Calculate h(f).
11
Let i(c) = 1 - c**2 + 3*c + 0 - 4*c. Suppose 0*m - 2*m = 0. Calculate i(m).
1
Let r(m) = -m**3 - 4*m**2 + 3*m - 7. Let y be r(-5). Let k be y - (0 - (0 - 2)). Let i(x) be the second derivative of -x**5/10 - x**2/2 + x. Calculate i(k).
-3
Let d(x) = x + 7*x**2 + 0*x**3 - 2*x + 0*x**3 - x**3 + 6. Calculate d(7).
-1
Let r(d) = -5*d**3 - 4*d**2 + 3*d + 6. Let l(b) be the first derivative of 11*b**4/4 + 8*b**3/3 - 7*b**2/2 - 12*b + 5. Let u(p) = -6*l(p) - 13*r(p). Give u(4).
6
Let w(v) = -v + 8. Let r(s) = -s + 7. Let o(j) = -3*r(j) + 2*w(j). Suppose 0 = 2*p + y + 6, y + 15 = -5*p - 0*y. Let h = p + 8. Determine o(h).
0
Let s(m) = -m + 9*m - 10*m. Determine s(-1).
2
Suppose c - 4*z = -19, 3*c - 8 = 2*z - 3*z. Let d be -2 + c*-3*1. Let t(p) = p**2 + 5*p + 6. Calculate t(d).
6
Let h = 45/2 + -22. Let f(y) be the second derivative of 0 - 4*y - 1/2*y**3 - 1/20*y**5 + h*y**4 - 2*y**2. Give f(5).
6
Let w be (-4 + 2)*(-2 + 1). Let m(j) be the second derivative of -1/6*j**3 + 1/6*j**4 + 0 - 3*j - 1/2*j**2. What is m(w)?
5
Suppose 0*h - 4*a = 4*h + 4, -4*a = -12. Let k(f) be the first derivative of -5*f**2/2 - 8*f - 3. Let q(p) = -6*p - 9. Let z(t) = h*q(t) + 5*k(t). Give z(5).
-9
Let p = 13 + -15. Let v(c) = 3*c - 3 + 5 + c. Calculate v(p).
-6
Let h(a) be the second derivative of -a**4/12 - a**3/6 - 3*a**2/2 + 3*a. Let y be -2 + (4/2)/1. Let r be (y/2)/(1 - 2). Calculate h(r).
-3
Let r(k) = 2*k**3 + 3*k**2. Let f(h) = -2*h**3 - 4*h**2. Let c(z) = -6*f(z) - 7*r(z). What is c(2)?
-4
Suppose -4*v = -7 + 3. Let g(i) be the first derivative of i**2 - i + 5/3*i**3 + 4. Give g(v).
6
Let k(b) be the second derivative of -b**5/20 + 13*b**4/12 - 13*b**3/6 + 17*b**2/2 - 2*b. Let d be k(12). Let z(l) = 3*l - d*l + 11 - 11. Give z(-1).
2
Suppose 3*x = -x - 2*z - 8, 2*x - z + 8 = 0. Let t(s) be the third derivative of s**5/60 + s**4/4 + s**3/6 + s**2. Determine t(x).
-8
Let j(q) = q + 4. Suppose 5*k - 4*i = -34, i + 4*i - 11 = k. Let p be (-4)/k*45/(-6). Give j(p).
-1
Let f(s) be the third derivative of s**5/60 + s**4/8 - s**3/6 - 10*s**2. Let i be (-32)/6 - (-1)/3. Give f(i).
9
Let a(v) be the third derivative of v**5/60 + 7*v**4/24 + 2*v**3/3 + 4*v**2. Determine a(-5).
-6
Suppose 0 = 41*j - 39*j + 10. Let y(o) be the second derivative of o**5/120 + o**3/6 + o. Let g(p) be the second derivative of y(p). Determine g(j).
-5
Let t(v) be the first derivative of -v**3/6 + v - 1. Let n(z) be the first derivative of t(z). What is n(0)?
0
Let v(t) = -2*t**2 - 4*t + 1. Let z(h) be the first derivative of h**4/4 + 2*h**3 + 3*h**2/2 + h + 1. Let y be z(-5). Suppose 2 = 3*o + y. Determine v(o).
-5
Suppose 0 = -0*w + 2*w + 3*v + 12, 5*w + 4*v + 23 = 0. Let p(o) be the third derivative of 1/2*o**3 + 0*o + 1/24*o**4 + 0 + o**2. What is p(w)?
0
Let v(i) = -i - 1. Let a(f) = 1. Let l(g) = a(g) + v(g). Calculate l(-3).
3
Suppose 9 - 243 = -3*m. Let u be m/24 - 2/8. Let c(x) = -x**2 + 0 - u*x + 2*x**3 + 0*x**3 - 1 - x**3. Calculate c(3).
8
Let w(x) = -x + 6 + 3 + 0 - 6. Determine w(-4).
7
Let y(w) = w**2 + 13*w - 2. Let r(f) = f**2 + 12*f - 2. Let x(m) = -7*r(m) + 6*y(m). Give x(-5).
7
Let l(a) = -a**2 - a + 7. Let b = 15 - 11. Suppose x + b = 5. Let c = x + -1. Give l(c).
7
Let v(o) = o + 13. Let l = 1 - 1. Let w be v(l). Let z(n) = 1 + 12*n - 2 - w*n + 0. Give z(1).
-2
Let u(x) be the second derivative of 0*x**2 + 6*x + 0 - 1/3*x**3. Determine u(-1).
2
Let z be -8*3/(-6) + 1. Let k(b) = 5*b**3 + 3*b - 1 - 3*b**3 - z*b - 3*b**3 + 5*b**2. Determine k(5).
-11
Let f = -8 + 14. Let j be 2/f*24/8. Let g(o) be the first derivative of -11*o**4/4 - o**2/2 + o + 2. Calculate g(j).
-11
Let